{"id":310,"date":"2024-10-15T21:22:55","date_gmt":"2024-10-15T21:22:55","guid":{"rendered":"https:\/\/enersossac.com\/arquitectura\/?page_id=310"},"modified":"2024-10-15T21:31:13","modified_gmt":"2024-10-15T21:31:13","slug":"terminos-y-condiciones","status":"publish","type":"page","link":"https:\/\/enersossac.com\/arquitectura\/terminos-y-condiciones\/","title":{"rendered":"T\u00c9RMINOS Y CONDICIONES"},"content":{"rendered":"<blockquote class=\"wp-block-quote is-style-plain is-layout-flow wp-block-quote-is-layout-flow is-style-plain--1\"><pre class=\"wp-block-verse\"><em>\u00daLTIMA ACTUALIZACI\u00d3N: 15.10.2024<\/em><\/pre><\/blockquote><p>Bienvenido a Enersos Arquitectura. Estos t\u00e9rminos y condiciones regulan el uso de nuestro sitio web y los servicios que ofrecemos, que incluyen el dise\u00f1o de interiores, dise\u00f1o de mobiliarios, proyectos de arquitectura y la venta de recursos digitales.<\/p><p><\/p><p>Al acceder y utilizar este sitio web, aceptas cumplir con los siguientes t\u00e9rminos:<\/p><h2 class=\"wp-block-heading\"><strong>Informaci\u00f3n del Servicio<\/strong><\/h2><p><\/p><p>Enersos Arquitectura ofrece servicios profesionales y recursos digitales.<\/p><div style=\"height:12px\" aria-hidden=\"true\" class=\"wp-block-spacer\"><\/div><p>Con respecto a los <strong>servicios profesionales de dise\u00f1o de interiores, dise\u00f1o de mobiliario y proyectos de arquitectura,<\/strong> se brinda a clientes ubicados en Lima Metropolitana. Se prestan de manera personalizada, ajustados a las necesidades espec\u00edficas de cada cliente.<\/p><div style=\"height:13px\" aria-hidden=\"true\" class=\"wp-block-spacer\"><\/div><p>Con respecto a los <strong>recursos digitales<\/strong>, puede ser de gran utilidad para cualquier profesional arquitecto o dise\u00f1ador de interiores ubicado en cualquier pa\u00eds.<\/p><p><\/p><h2>PROPIEDAD INTELECTUAL<\/h2><p>Todo el contenido del sitio web, incluidos los recursos digitales, im\u00e1genes, videos, gr\u00e1ficos, textos y marcas, son propiedad exclusiva de Enersos Arquitectura. Est\u00e1 prohibida la reproducci\u00f3n, distribuci\u00f3n o uso no autorizado del contenido.<\/p><p><\/p><h2>CONDICIONES DE COMPRA Y PAGO<\/h2><p><\/p><p>Los pagos relacionados a <strong>los servicios de dise\u00f1o de interiores<\/strong>, <strong>dise\u00f1o de mobiliario<\/strong> y <strong>proyectos de arquitectura<\/strong> son coordinados directamente con el cliente a trav\u00e9s de correo electr\u00f3nico, WhatsApp o redes sociales. Generalmente se solicita un 50% de adelanto para iniciar cualquier servicio, y el resto del pago deber\u00e1 ser completado antes de la entrega final del proyecto, seg\u00fan lo acordado con el cliente.<\/p><p>Los m\u00e9todos de pago que aceptamos incluyen:<\/p><ul class=\"wp-block-list\"><li><strong>Transferencia bancaria<\/strong><\/li><\/ul><div style=\"height:33px\" aria-hidden=\"true\" class=\"wp-block-spacer\"><\/div><p>Para la compra de <strong>recursos digitales<\/strong>, el pago se debe realizar en su totalidad antes de la entrega del archivo. Una vez procesado el pago, no se aceptan devoluciones de recursos digitales.<\/p><p>Los m\u00e9todos de pago que aceptamos por medio de nuestra p\u00e1gina web incluyen:<\/p><ul class=\"wp-block-list\"><li><strong>Tarjeta de cr\u00e9dito<\/strong><\/li><\/ul><ul class=\"wp-block-list\"><li><strong>Pago en efectivo<\/strong>.<\/li><\/ul><ul class=\"wp-block-list\"><li><strong>Transferencia bancaria<\/strong>.<\/li><\/ul><ul class=\"wp-block-list\"><li><strong>Yape<\/strong> y <strong>Plin<\/strong>.<\/li><\/ul><div style=\"height:33px\" aria-hidden=\"true\" class=\"wp-block-spacer\"><\/div><p>Los precios de nuestros servicios y productos digitales est\u00e1n sujetos a cambios sin previo aviso. Las cotizaciones enviadas tienen una validez de <strong>30 d\u00edas<\/strong>.<\/p><ul class=\"wp-block-list\"><\/ul><h2>PLAZOS DE ENTREGA<\/h2><p><strong>Los plazos de entrega de los servicios <\/strong>ser\u00e1n acordados con el cliente al aceptar la cotizaci\u00f3n. Cada servicio se entregar\u00e1 dentro del plazo establecido, siempre y cuando no se realicen modificaciones extras, hubiera alg\u00fan inconveniente ajeno a nuestra empresa y se haya pagado en su totalidad el servicio.<\/p><div style=\"height:33px\" aria-hidden=\"true\" class=\"wp-block-spacer\"><\/div><p><strong>Los plazos de entrega de los recursos<\/strong> son instant\u00e1neos.<\/p><p><\/p><h2>MODIFICACI\u00d3N A LOS T\u00c9RMINOS Y CONDICIONES<\/h2><p>Nos reservamos el derecho de modificar nuestros t\u00e9rminos y condiciones en cualquier momento.<\/p><h2>\u00bfNECESITAS AYUDA?<\/h2><p>Cont\u00e1ctanos al correo xbocanegra@enersossac.com o comun\u00edcate al WhatsApp: +51 952938143<\/p><p><\/p>","protected":false},"excerpt":{"rendered":"<p>\u00daLTIMA ACTUALIZACI\u00d3N: 15.10.2024 Bienvenido a Enersos Arquitectura. Estos t\u00e9rminos y condiciones regulan el uso de nuestro sitio web y los servicios que ofrecemos, que incluyen el dise\u00f1o de interiores, dise\u00f1o de mobiliarios, proyectos de arquitectura y la venta de recursos digitales. Al acceder y utilizar este sitio web, aceptas cumplir con los siguientes t\u00e9rminos: Informaci\u00f3n [&hellip;]<\/p>\n","protected":false},"author":1,"featured_media":0,"parent":0,"menu_order":0,"comment_status":"closed","ping_status":"closed","template":"","meta":{"footnotes":""},"class_list":["post-310","page","type-page","status-publish","hentry"],"jetpack_sharing_enabled":true,"_links":{"self":[{"href":"https:\/\/enersossac.com\/arquitectura\/wp-json\/wp\/v2\/pages\/310","targetHints":{"allow":["GET"]}}],"collection":[{"href":"https:\/\/enersossac.com\/arquitectura\/wp-json\/wp\/v2\/pages"}],"about":[{"href":"https:\/\/enersossac.com\/arquitectura\/wp-json\/wp\/v2\/types\/page"}],"author":[{"embeddable":true,"href":"https:\/\/enersossac.com\/arquitectura\/wp-json\/wp\/v2\/users\/1"}],"replies":[{"embeddable":true,"href":"https:\/\/enersossac.com\/arquitectura\/wp-json\/wp\/v2\/comments?post=310"}],"version-history":[{"count":7,"href":"https:\/\/enersossac.com\/arquitectura\/wp-json\/wp\/v2\/pages\/310\/revisions"}],"predecessor-version":[{"id":318,"href":"https:\/\/enersossac.com\/arquitectura\/wp-json\/wp\/v2\/pages\/310\/revisions\/318"}],"wp:attachment":[{"href":"https:\/\/enersossac.com\/arquitectura\/wp-json\/wp\/v2\/media?parent=310"}],"curies":[{"name":"wp","href":"https:\/\/api.w.org\/{rel}","templated":true}]}}